439
List the prime factors of 262647502.
2, 13, 10101827
What are the prime factors of 19542570?
2, 3, 5, 59, 61, 181
What are the prime factors of 1588376061?
3, 6536527
List the prime factors of 2996293348.
2, 193, 3881209
List the prime factors of 176842145.
5, 29, 67, 109, 167
What are the prime factors of 35322519?
3, 107, 110039
List the prime factors of 70832795.
5, 11, 17, 71, 97
What are the prime factors of 2354210946?
2, 3, 43596499
What are the prime factors of 2848480990?
2, 5, 1091, 261089
List the prime factors of 403564790.
2, 5, 53, 761443
List the prime factors of 29575020.
2, 3, 5, 19, 25943
What are the prime factors of 997540580?
2, 5, 103, 484243
What are the prime factors of 323830515?
3, 5, 21588701
What are the prime factors of 3704949462?
2, 3, 29, 21292813
List the prime factors of 8524405.
5, 29, 58789
List the prime factors of 32831907.
3, 59, 185491
List the prime factors of 96349419.
3, 59, 20161
What are the prime factors of 1357365118?
2, 678682559
What are the prime factors of 944207743?
641, 1473023
List the prime factors of 13258546.
2, 7, 127, 7457
List the prime factors of 501436529.
11, 45585139
What are the prime factors of 2067192821?
317, 647, 10079
List the prime factors of 5568345854.
2, 29, 96005963
List the prime factors of 2208986576.
2, 53, 719, 3623
What are the prime factors of 763633704?
2, 3, 31818071
What are the prime factors of 617204066?
2, 2137, 144409
What are the prime factors of 339068218?
2, 6367, 26627
List the prime factors of 74186742.
2, 3, 7, 17, 103903
List the prime factors of 675206999.
675206999
What are the prime factors of 431637500?
2, 5, 7, 4933
What are the prime factors of 2272968239?
2272968239
List the prime factors of 129440899.
7, 73, 36187
List the prime factors of 7400872448.
2, 787, 18367
List the prime factors of 1286052973.
709, 1813897
What are the prime factors of 1398430?
2, 5, 11, 12713
List the prime factors of 10871813.
10871813
What are the prime factors of 811797152?
2, 499, 50839
List the prime factors of 664764889.
17, 39103817
List the prime factors of 647062774.
2, 323531387
What are the prime factors of 4505242854?
2, 3, 7, 4861, 22067
What are the prime factors of 325943141?
67, 4864823
List the prime factors of 22412577.
3, 11, 679169
What are the prime factors of 14296461?
3, 4765487
List the prime factors of 2225413254.
2, 3, 17, 23, 499, 1901
List the prime factors of 1637676026.
2, 7, 97, 1205947
List the prime factors of 1813984742.
2, 29, 31275599
What are the prime factors of 1295111074?
2, 37, 53, 330217
List the prime factors of 562451140.
2, 5, 853, 32969
List the prime factors of 32329072.
2, 73, 89, 311
List the prime factors of 12700289.
7, 29, 62563
List the prime factors of 703242853.
703242853
What are the prime factors of 91739520?
2, 3, 5, 5309
What are the prime factors of 581742097?
1811, 321227
What are the prime factors of 2285824421?
379, 6031199
What are the prime factors of 865412809?
29, 263, 113467
What are the prime factors of 305248139?
7, 397, 109841
What are the prime factors of 46633225?
5, 1865329
List the prime factors of 625797016.
2, 13, 1117, 5387
What are the prime factors of 445225314?
2, 3, 41, 1809859
List the prime factors of 45112717.
13, 3470209
What are the prime factors of 102631937?
102631937
List the prime factors of 8827252.
2, 7, 29, 1553
What are the prime factors of 145633627?
145633627
What are the prime factors of 438953671?
13, 2597359
List the prime factors of 364632490.
2, 5, 17, 2144897
What are the prime factors of 118108434?
2, 3, 19684739
List the prime factors of 2960950488.
2, 3, 71, 1737647
What are the prime factors of 91844056?
2, 11480507
List the prime factors of 733223431.
733223431
What are the prime factors of 1424133242?
2, 7, 31, 97, 33829
List the prime factors of 107349994.
2, 53674997
What are the prime factors of 295479924?
2, 3, 17, 1448431
List the prime factors of 24880346.
2, 12440173
List the prime factors of 58528822.
2, 11, 2660401
List the prime factors of 545405511.
3, 7, 1087, 23893
What are the prime factors of 1174414492?
2, 53, 859, 6449
List the prime factors of 322997894.
2, 161498947
What are the prime factors of 35928183?
3, 19, 630319
List the prime factors of 1482881845.
5, 127, 2335247
List the prime factors of 3733019381.
7, 13, 5860313
List the prime factors of 11721233.
19, 467, 1321
What are the prime factors of 11603475?
3, 5, 13, 3967
List the prime factors of 204120489.
3, 83, 819761
List the prime factors of 37149637.
7, 5307091
List the prime factors of 120279142.
2, 60139571
List the prime factors of 20864694.
2, 3, 3477449
List the prime factors of 54712778.
2, 41, 667229
List the prime factors of 141070591.
211, 668581
List the prime factors of 762105503.
67, 829, 13721
What are the prime factors of 1531763430?
2, 3, 5, 23, 2219947
List the prime factors of 333895967.
1483, 225149
List the prime factors of 486455624.
2, 53, 1147301
List the prime factors of 2053078023.
3, 853, 802297
What are the prime factors of 7720490171?
29, 9180131
What are the prime factors of 104428404?
2, 3, 103, 28163
What are the prime factors of 519216239?
519216239
What are the prime factors of 135140804?
2, 89, 139, 2731
What are the prime factors of 211793572?
2, 52948393
What are the prime factors of 149963484?
2, 3, 11, 1136087
List the prime factors of 8212640.
2, 5, 51329
List the prime factors of 183215370.
2, 3, 5, 13, 103, 4561
List the prime factors of 2679894.
2, 3, 7, 21269
List the prime factors of 231735973.
7, 33105139
What are the prime factors of 942220193?
942220193
List the prime factors of 386006822.
2, 1409, 136979
List the prime factors of 2085652560.
2, 3, 5, 107, 241, 337
List the prime factors of 112374624.
2, 3, 17, 37, 1861
What are the prime factors of 4665948?
2, 3, 7, 55547
What are the prime factors of 9041333?
7, 184517
What are the prime factors of 39724981?
31, 1281451
List the prime factors of 142169081.
107, 1328683
List the prime factors of 40013329.
40013329
What are the prime factors of 100083332?
2, 661, 37853
List the prime factors of 247318811.
997, 248063
List the prime factors of 325830995.
5, 7, 23, 43, 9413
List the prime factors of 122524168.
2, 13, 17, 37, 1873
List the prime factors of 2299155753.
3, 6451, 118801
What are the prime factors of 34433820?
2, 3, 5, 191299
What are the prime factors of 1393373242?
2, 696686621
List the prime factors of 1298809707.
3, 13, 17, 311, 6299
What are the prime factors of 96761928?
2, 3, 227, 17761
What are the prime factors of 488624830?
2, 5, 48862483
What are the prime factors of 1341381795?
3, 5, 13, 109, 223, 283
List the prime factors of 792509446.
2, 659, 601297
What are the prime factors of 3615738439?
79, 3067, 14923
What are the prime factors of 449782424?
2, 7, 13, 317, 1949
List the prime factors of 5502224593.
5502224593
What are the prime factors of 18877458?
2, 3, 3146243
What are the prime factors of 784602759?
3, 73, 3582661
List the prime factors of 73685659.
823, 89533
What are the prime factors of 3118946852?
2, 7, 107, 307, 3391
List the prime factors of 118553756.
2, 29638439
List the prime factors of 325255420.
2, 5, 7, 23, 83, 1217
What are the prime factors of 4299039140?
2, 5, 11, 19541087
What are the prime factors of 25168624?
2, 13, 23, 5261
List the prime factors of 2885674723.
19, 61, 2489797
What are the prime factors of 25398186?
2, 3, 11, 384821
List the prime factors of 4624924.
2, 1156231
List the prime factors of 464525692.
2, 116131423
List the prime factors of 1322573683.
25463, 51941
List the prime factors of 688110750.
2, 3, 5, 521, 587
List the prime factors of 1743543822.
2, 3, 37, 1039, 7559
What are the prime factors of 6463075063?
1553, 4161671
List the prime factors of 3100484817.
3, 97, 1183843
What are the prime factors of 290248058?
2, 521, 278549
What are the prime factors of 44373971?
269, 293, 563
What are the prime factors of 975191803?
975191803
What are the prime factors of 120516776?
2, 15064597
What are the prime factors of 115633882?
2, 7, 13, 635351
What are the prime factors of 455300170?
2, 5, 13, 37, 103, 919
What are the prime factors of 73438452?
2, 3, 2039957
List the prime factors of 94825973.
11, 862054